*w + 64 = 5*j. What is the units digit of ((-1)/((-4)/j))/1?
3
Suppose 16*z - 24582 = -z. What is the hundreds digit of z?
4
Let m(v) be the first derivative of -v**4/4 + 8*v**3/3 + v**2 - 6*v + 3. Let g be m(8). Suppose 0 = x - g - 5. What is the units digit of x?
5
Suppose -2*z - 3*z = 4*n - 10, 0 = -3*z + 5*n - 31. Let d be (z/3)/((-2)/9). Suppose 3*k = s + 2, -d*s + 9 = 3*k + 3. What is the units digit of k?
1
Let o = 13 - -4. Let l = 30 - o. What is the tens digit of l?
1
Suppose 5*c = 150 + 260. Suppose 5*v = -a + 62 + c, -a = 4*v - 146. Let f = a - 85. What is the units digit of f?
9
Suppose 0 = -6*n - 2*l + 5603 + 5923, -3842 = -2*n + 5*l. What is the units digit of n?
1
Let p(c) = 4*c + 1. Let j be p(4). What is the tens digit of 4 + -2 + -1 + j?
1
Let r = -206 - -141. Let w be 4/6 + r/(-15). Suppose -4 = -a - 2*i + i, -2*a = 5*i - w. What is the units digit of a?
5
Let p(x) = -52*x + 34. Let g be p(-6). Suppose 2*f + 46 = g. What is the tens digit of f?
5
Let i(l) = -3*l**2. Let f be i(1). Let x be 2046/(-55)*10/f. Suppose x = h + h. What is the units digit of h?
2
Let z(j) = 6*j**3 - 13*j**3 - 11*j**2 - 33 + 0*j**3 + 18*j + 8*j**3. What is the tens digit of z(10)?
4
Let d(k) = 3*k**2 + 2*k - 1. Let r be d(-2). Suppose r*y = 3*y - 72. What is the units digit of (-2 - 4)/(y/12)?
4
Let q = 271 - 386. Let l = -62 - q. What is the tens digit of l?
5
Let b = 4797 - 3284. What is the thousands digit of b?
1
Suppose -31*q + 32*q - 1214 = 0. What is the units digit of q?
4
What is the hundreds digit of (-1)/(-3 - (-25030)/8345)?
6
Let j(w) = -3*w - 14. Let v(y) = y - 8. Let c be v(8). Let r be c - (-7)/((-14)/12). What is the units digit of j(r)?
4
Suppose 3*y - 238 - 509 = 0. Let v be y/(-9)*-3 - 3. Suppose 4*l + 4*o = 76, 0 = 4*l - o + 3*o - v. What is the tens digit of l?
2
What is the hundreds digit of (-6 - -205)*1 + 3?
2
Let x be 2/9 - (-656)/(-108)*3. What is the units digit of (-4)/(-18) - 86/x*64?
6
Let y be 24/(-11) - (-6)/33. Let v = y - 12. Let c = v + 48. What is the tens digit of c?
3
What is the hundreds digit of 6/45 - 236090/(-75)?
1
Let t(a) = 21 + 4*a - 9 + a**2 - 8. What is the units digit of t(-3)?
1
Let f(v) = -v**2 - 6*v + 19. Let y be f(-8). Suppose y*l + u = 8*l - 196, -191 = -5*l - 4*u. What is the units digit of l?
9
Let b(t) = 24*t**2 + 6*t - 62. What is the units digit of b(7)?
6
Let l(y) = 3*y - 2. Let o be l(4). Suppose 5*w = 3*w + o. Suppose 110 = 4*a - w*j, -52 = -2*a + 2*j + 2. What is the tens digit of a?
2
What is the hundreds digit of 15168/14 + (-69)/161?
0
Let w(a) = -35*a**3 + a**2 + 2*a + 4. Let g be w(2). Let z = -98 - g. What is the tens digit of z?
7
Let i(s) = 16*s + 73. What is the tens digit of i(5)?
5
Suppose 4*u - 16 = 4*j, -3*u + 3 = 15. Suppose -3*f = m - 1, -m + 3*f + 11 = 28. What is the units digit of (-66)/j + (-6)/m?
9
Let c(d) = -d**2 + 5*d - 4. Let u be (2/(-8))/((-5)/80). Let y be c(u). Suppose y = 7*t - 2*t - 55. What is the tens digit of t?
1
Let h = -27 - -26. Let a = h + 4. Suppose -m + 42 = -4*d, -5*m = a*d - d - 232. What is the units digit of m?
6
What is the tens digit of 2*1 + (2440 - (-16 + 11))?
4
What is the units digit of (-29348)/(-165) - (-4)/30?
8
Suppose 0 = 3*c - 21 + 9. What is the hundreds digit of (2/8)/(2/c)*484?
2
Let w(b) = 17*b - 11. Let n be w(-6). Let p = -267 - -90. Let r = n - p. What is the tens digit of r?
6
Suppose 4*i = -i - 5*b + 40, 34 = 5*i + 3*b. Suppose -i*k - q + 3*q = -20, 2*k + 13 = 5*q. Suppose -207 = -9*u + k*u. What is the units digit of u?
9
Suppose 4*j + 4*u = 780, -4*j + 159 + 618 = 3*u. Let w = j + -127. What is the units digit of w?
5
What is the units digit of (-235228)/(-310) + -1 + 12/10?
9
Let u(w) be the second derivative of 9*w**4/4 - 5*w**3/6 - 13*w**2/2 + 16*w. What is the hundreds digit of u(-2)?
1
What is the tens digit of 0/21 + 4046/(2 - 0)?
2
Suppose 0 = 2*w - 80 + 28. Let c = w - -122. What is the tens digit of c?
4
Suppose 0 = -4*x + 4*l + 2512, -7*x + 3*x + 5*l + 2512 = 0. What is the tens digit of x?
2
Let p(g) = -7*g**2 - 2*g - 7. Let a(x) = -13*x**2 - 3*x - 14. Let h(z) = -6*a(z) + 11*p(z). What is the units digit of h(-6)?
7
Let p(w) = 35*w + 15. Let h be p(7). Suppose -3*y - 2*y + h = 0. What is the units digit of y?
2
Let o = 139 - -51. Suppose o = -4*g + 5*g. Let j = g - 133. What is the tens digit of j?
5
Let a = 1632 + -1065. What is the hundreds digit of a?
5
Suppose -3*f + 5*g + 2951 = 0, -5*f - 14*g + 4931 = -16*g. What is the hundreds digit of f?
9
Suppose -3*b + 12 = 0, y - 2*b = -3*b. What is the tens digit of (-20 + (y - -8))*(-22)/4?
8
Let s(x) = -x**2 - 18*x + 3. Let z be s(-15). What is the units digit of -5*((-26)/12 + 8/z)?
0
Let i be (-4)/(16/(-10) - (-27)/45). Suppose 2*u - 272 = -i*d, -360 - 320 = -5*u - 2*d. What is the hundreds digit of u?
1
What is the hundreds digit of (-1953)/(-4)*(-72)/(-27)?
3
Suppose 3*j - 4*j = -5. Suppose -2*i = 3*i - j*r - 15, 0 = 4*i - 3*r - 14. Suppose 53 = i*w - 92. What is the units digit of w?
9
Let o be (-7)/(-2) - 1/2. Let x(a) = -2*a - o*a**2 + a + 5*a**2 - a**2 + 2. What is the tens digit of x(-4)?
2
Let t(x) = -x + 26. Let r be t(11). Let o be (-2)/(-6) + 25/r. Suppose -46 = -4*i + 2*p, 5*i - 50 - 12 = -o*p. What is the tens digit of i?
1
Let z(i) be the second derivative of i**4/6 + i**2/2 + i. Let y be z(-1). Suppose y*q + 56 + 25 = 2*v, -q + 28 = v. What is the units digit of v?
3
Let s(v) = 44*v + 26. Let k be s(5). Suppose 2*q - 5*q + k = 0. What is the tens digit of q?
8
What is the units digit of (-1)/(5/(-3905)) - 3?
8
Let x = -2145 + 5078. What is the units digit of x?
3
Suppose -4*r + 30 + 12 = -2*b, -5*b - 5*r - 75 = 0. Let z = -4 - b. What is the tens digit of z?
1
Let x(i) be the first derivative of 5*i**4/4 - 2*i**3/3 + 3*i**2/2 - i + 12. What is the units digit of x(1)?
5
Let i(l) = 3*l - 14. Let g be i(6). Suppose -2*k - 2*k + 72 = -5*w, 0 = 2*w - g*k + 36. Let t(u) = -u**3 - 13*u**2 - 15*u - 9. What is the units digit of t(w)?
7
Let c = 1648 - 974. What is the units digit of c?
4
Suppose 11*j = 15*j, 0 = -2*a + 4*j + 9862. What is the units digit of a?
1
Let o(v) be the third derivative of -v**6/120 + v**5/5 - v**4/6 - 4*v**3 + 19*v**2. What is the units digit of o(11)?
3
What is the units digit of 280280/231*(-9)/(-2)?
0
Let o(x) = x**2 - 8*x + 5. Let r be o(6). What is the tens digit of (14 + r)*(-1 - -19)?
2
Suppose 4*l = 2*p - 30, 4*l + 5 + 5 = -2*p. Suppose p*v = 4*z + 193, 58 + 27 = 2*v + z. What is the units digit of v?
1
Let o(r) = -4*r + 1. Let c be o(-1). Suppose 3*b + 15 = -3*w - 0*b, 4*w + 23 = -c*b. What is the tens digit of 1/w + 157/2?
7
Let u = -314 - -918. What is the tens digit of u?
0
Let w be (-1 - 1)*2 - -7. Let o be (w - 33)/(6/(-8)). Suppose o = -5*c + 170. What is the tens digit of c?
2
Let q(s) = s**2 + 14*s + 10. Suppose 0 = -3*h + 4*f - 13 - 25, 3*h + 5*f + 20 = 0. Let o be q(h). Let c = 44 + o. What is the tens digit of c?
1
Let a = 40 - 24. Let p = a + -13. Suppose 3*q - 137 = -4*n, -2*n + 89 - 214 = -p*q. What is the units digit of q?
3
Let s be 4 - (0 - (-2 - 0)). Let k(m) = -2*m**3 + 3*m**2 - 2*m + 2. Let x be k(s). What is the tens digit of (-224)/x + (-6)/18?
3
Let x be 35/49 + 4/14 - 5. What is the tens digit of 1*(61 - x/(-2))?
5
Let s = -7 + 17. Let q(a) = a**3 - 10*a**2 + 5*a + 1. What is the tens digit of q(s)?
5
Let b(c) = -c**2 - 2*c - 43. Let d = 16 - 16. Let v be b(d). Let t = v + 71. What is the tens digit of t?
2
What is the units digit of -756*12/(-120) - 6/10?
5
Suppose -1872 = 112*c - 116*c. What is the tens digit of c?
6
Let k = 15 - 13. Let q(x) = -2*x**2 + 19*x - 15. Let m be q(7). What is the tens digit of (k + 0)*410/m?
4
Let o = -13 - -16. Suppose -4*s + 119 = o*h, s + 6 = 4*s. What is the tens digit of h?
3
Let l(a) = a**3 - 23*a**2 + 35*a + 16. What is the tens digit of l(22)?
0
Suppose 4*o + 4*u + 4 = 0, o + 3*u = u - 6. Suppose k - 269 = -3*b, k - 161 = -2*b + o*k. What is the tens digit of b?
8
Suppose -4*w - 14881 = -5*u, 3*u = -11*w + 10*w + 8932. What is the thousands digit of u?
2
Let v(u) be the third derivative of u**4/6 - 5*u**3/6 + u**2. Suppose -20 = -119*l + 114*l. What is the units digit of v(l)?
1
Suppose 1749 + 3411 = 6*q. What is the units digit of q?
0
Let y = -22 